hat is j(-8)?
5
Let l(t) = 3*t**2 - 349*t - 485. Determine l(117).
-251
Let x(o) = -529*o**3 - 3*o**2 - 8*o + 11. Determine x(1).
-529
Let h(d) = 19*d - 151. What is h(10)?
39
Let r(f) = 2*f**2 - 37*f + 155. Calculate r(15).
50
Let u(d) = -1003*d + 328. Give u(0).
328
Let p(j) = 2*j**2 + 393*j + 1168. Give p(-3).
7
Let b(t) = t**3 + 8*t**2 + 218*t + 1251. Calculate b(-6).
15
Let w(i) = i**3 + 22*i**2 - 51*i - 71. What is w(-24)?
1
Let l(q) = -28*q + 247. What is l(7)?
51
Let c(q) = -2*q**2 - 163*q + 343. Give c(-83).
94
Let h(o) = -4*o**2 + 98*o + 55. What is h(25)?
5
Let m(s) = -399*s - 2000. Calculate m(-5).
-5
Let u(b) = -2*b**2 - 22*b + 1138. Determine u(19).
-2
Let u(f) = 469*f + 652. Give u(-2).
-286
Let g(u) = -u**2 - 115*u - 1029. Give g(-105).
21
Let n(s) = 5*s**2 + 84*s - 122. Determine n(-21).
319
Let f(p) = 9*p**3 + 39*p**2 + 9*p - 13. What is f(-4)?
-1
Let j(w) = w**3 - 10*w**2 - 3*w + 3. What is j(8)?
-149
Let r(s) = 12*s + 651. Give r(-47).
87
Let l(w) = -w**2 + 19*w + 229. Determine l(27).
13
Let o(u) = 3*u + 354. Give o(-28).
270
Let p(i) = i**2 - 102*i + 1220. Calculate p(14).
-12
Let d(n) = n**2 - 15*n + 34. What is d(7)?
-22
Let g(w) = -3169*w - 6344. Give g(-2).
-6
Let h(o) = -o**2 + 31*o - 237. Calculate h(14).
1
Let m(p) = p**2 - 17*p - 91. Give m(17).
-91
Let r(s) = -11*s**2 - 288*s - 13. Give r(-26).
39
Let q(w) = w**3 + 21*w**2 + 115*w + 62. What is q(-13)?
-81
Let v(w) = -w**2 - 2*w + 15. What is v(0)?
15
Let a(s) = -47*s + 1643. Determine a(35).
-2
Let v(x) = x**3 + 54*x**2 - x + 6. Give v(0).
6
Let y(k) = -6*k**2 + 70*k - 77. What is y(11)?
-33
Let j(z) = 10*z**2 + 2864*z + 3990. Give j(-285).
0
Let u(z) = 63*z + 506. Calculate u(-5).
191
Let b(d) = -3*d**3 + 84*d**2 - 157*d + 26. Give b(26).
0
Let w(v) = 909*v + 901. Give w(-1).
-8
Let a(y) = -52*y + 330. Give a(7).
-34
Let m(w) = w**3 + 204*w**2 + 437*w + 6583. Calculate m(-202).
-83
Let u(k) = 2*k**2 - 90*k + 648. Determine u(9).
0
Let b(l) = -9*l**2 - 280*l - 33. Give b(-31).
-2
Let y(j) = -5*j - 249. Determine y(-42).
-39
Let q(x) = 11*x + 52. What is q(1)?
63
Let w(v) = -v**2 + 16*v + 32. What is w(13)?
71
Let u(g) = -2*g**3 - 14*g**2 + 11*g - 486. What is u(-10)?
4
Let b(z) = -5*z**3 - 90*z**2 + 12*z + 114. Give b(-18).
-102
Let o(u) = -41*u + 45. Determine o(-4).
209
Let v(g) = 7*g**3 + 56*g**2 - 5*g - 66. What is v(-8)?
-26
Let p(v) = v**3 - 73*v**2 + 1146*v + 102. Calculate p(23).
10
Let v(w) = w**3 - 84*w**2 - 163*w - 772. Give v(86).
2
Let m(i) = -18*i**2 + 7*i - 8. Give m(1).
-19
Let b(s) = 61*s**3 - 244*s**2 - 8*s + 22. What is b(4)?
-10
Let u(c) = -5*c**2 - 108*c + 33. Give u(-22).
-11
Let t(k) = -3*k**3 + 3*k**2 - 3*k - 3. What is t(2)?
-21
Let x(t) = t**3 + 28*t**2 + 22*t + 4. Give x(-27).
139
Let t(a) = 2*a**3 - 134*a**2 + 257*a + 220. What is t(65)?
25
Let l(b) = -b**2 + 9*b + 3. Determine l(7).
17
Let b(q) = -93*q - 2067. Determine b(-22).
-21
Let c(v) = -532*v - 7988. Give c(-15).
-8
Let o(b) = -b**2 + 14*b - 30. Calculate o(-11).
-305
Let n(i) = 180*i + 4494. Determine n(-25).
-6
Let g(j) = j**2 - 135*j + 4344. Give g(82).
-2
Let n(v) = v**2 - 5*v + 197. Determine n(-17).
571
Let h(k) = -k**2 - 41*k + 1644. Calculate h(25).
-6
Let a(k) = -3*k**2 - 52*k - 5. Give a(-9).
220
Let u(i) = -2*i**3 + 41*i**2 - 144*i - 7. What is u(16)?
-7
Let o(q) = 83*q + 1639. Determine o(-25).
-436
Let b(n) = 19*n**2 - 2*n + 1. Give b(2).
73
Let w(d) = 389*d - 7799. Determine w(20).
-19
Let z(c) = -c**3 + 5*c**2 - 16*c - 171. Give z(-6).
321
Let o(n) = -3*n**2 - 14*n - 11. Determine o(5).
-156
Let j(s) = 3*s**3 + 6*s**2 + 27*s - 4. Determine j(-5).
-364
Let p(w) = 27*w**3 + 13*w**2 + 31*w + 9. Calculate p(-2).
-217
Let m(k) = 178*k - 3741. What is m(21)?
-3
Let f(w) = -w**3 + 2*w**2 - 2*w + 39. Give f(4).
-1
Let r(x) = 19*x - 499. What is r(28)?
33
Let u(f) = -50*f - 1011. Calculate u(-22).
89
Let t(n) = -n**3 - 3*n**2 + 11*n - 21. Give t(6).
-279
Let c(s) = 46*s + 487. Determine c(-17).
-295
Let z(m) = -m**3 + 27*m**2 + 61*m - 93. Calculate z(29).
-6
Let g(k) = -4*k**2 + 212*k + 216. Give g(54).
0
Let r(y) = -46*y - 720. Determine r(-15).
-30
Let b(q) = -1292*q + 1288. Calculate b(1).
-4
Let j(s) = 33*s**2 + 330*s - 2. Determine j(-10).
-2
Let q(u) = -76*u + 3256. Determine q(43).
-12
Let f(y) = -y**3 - 6*y**2 - 49*y - 82. Give f(-2).
0
Let w(o) = 44*o**2 - 1025*o + 297. What is w(23)?
-2
Let k(f) = -13*f**2 - 480*f + 13. What is k(-37)?
-24
Let v(u) = u**3 - 12*u**2 + 6*u + 22. Determine v(10).
-118
Let d(f) = -f**3 - 4*f**2 + 2*f - 10. What is d(-9)?
377
Let z(f) = -245*f - 2865. Calculate z(-13).
320
Let a(b) = -b**2 - 47*b + 625. Determine a(10).
55
Let u(z) = -z**3 - 21*z**2 + 268*z + 39. Give u(9).
21
Let y(u) = -u**3 - 43*u**2 + 98*u + 506. Determine y(-45).
146
Let b(n) = 3*n**3 + n**2 + 414*n + 1239. Calculate b(-3).
-75
Let o(q) = 68*q - 7053. Calculate o(103).
-49
Let w(b) = 132*b + 1765. Calculate w(-15).
-215
Let x(z) = 2*z**2 + 101*z - 9454. Determine x(48).
2
Let i(o) = -17*o + 498. Calculate i(49).
-335
Let l(v) = v**2 - 625*v + 1857. What is l(3)?
-9
Let t(i) = -2*i**3 - 14*i**2 - 268*i - 1533. Give t(-6).
3
Let l(a) = -2*a**2 + 22*a - 122. What is l(5)?
-62
Let c(x) = 3*x**3 + 907*x**2 - 623*x - 5133. What is c(-303)?
18
Let y(f) = 77*f - 1918. Determine y(25).
7
Let k(r) = 1481*r - 5927. What is k(4)?
-3
Let j(w) = 21*w + 48. Give j(-19).
-351
Let t(m) = m**3 + 52*m**2 - 1087*m - 17. Determine t(16).
-1
Let s(f) = -f**2 + 2*f + 197. What is s(12)?
77
Let u(c) = -25*c**3 - 247*c**2 + 54*c + 244. Determine u(-10).
4
Let o(z) = z**3 + 19*z**2 + 696*z + 1949. Calculate o(-3).
5
Let o(z) = -152*z - 1949. Determine o(-13).
27
Let z(p) = p**3 - 7*p**2 - 13*p + 92. Determine z(4).
-8
Let c(d) = -d**2 + 12*d - 24. Determine c(6).
12
Let u(x) = -x**2 - 112*x + 911. Calculate u(7).
78
Let h(s) = 456*s - 2311. Calculate h(6).
425
Let p(d) = -2*d**2 + 153*d + 637. What is p(-4)?
-7
Let s(w) = -221*w + 877. Give s(4).
-7
Let t(v) = 2*v**2 - 44*v - 669. What is t(36)?
339
Let r(b) = 737*b - 2180. Determine r(3).
31
Let n(v) = -3*v**2 + 108*v + 82. Determine n(37).
-29
Let x(t) = -t**3 - 13*t**2 + 152*t - 14. Calculate x(7).
70
Let p(r) = -138*r - 832. What is p(-6)?
-4
Let m(k) = k**3 - 4*k**2 + 8*k - 13. Give m(3).
2
Let m(f) = 2*f**2 - 8*f - 6. Give m(9).
84
Let n(l) = -l**3 + 6*l**2 + 54*l - 259. Give n(4).
-11
Let q(f) = -f**2 - 850*f + 3410. Calculate q(4).
-6
Let g(i) = -16*i + 532. What is g(26)?
116
Let q(w) = 2*w**2 - 73*w - 621. Determine q(42).
-159
Let m(o) = o**2 + 369*o - 3163. Give m(9).
239
Let o(i) = 5*i + 153. What is o(-11)?
98
Let w(k) = -k**2 - 7*k + 400. Determine w(-24).
-8
Let f(a) = -33*a - 340. Give f(-10).
-10
Let a(n) = -n**2 - 742*n + 5298. Determine a(7).
55
Let l(k) = k**3 + 29*k**2 + 143*k - 37. Determine l(-22).
205
Let d(u) = 9*u**3 + 38*u**2 - 11*u - 26. Determine d(-4).
50
Let u(r) = 35*r**2 + 1031*r + 1031. Determine u(-1).
35
Let f(r) = -r**2 + 23*r + 184. Give f(28).
44
Let w(k) = -180*k + 32. What is w(0)?
32
Let u(q) = -52*q - 3710. What is u(-70)?
-70
Let d(g) = 3*g + 48. Give d(-6).
30
Let o(z) = z**2 - 174*z + 1798. Calculate o(11).
5
Let o(d) = -d**2 - 71*d - 1057. Determine o(-35).
203
Let o(r) = -202*r - 880. Calculate o(-7).
534
Let k(c) = -7*c + 31. Give k(23).
-130
Let h(r) = -32026*r + 160136. Give h(5).
6
Let w(f) = -5*f**2 + 161*f + 711. Determine w(-4).
-13
Let a(u) = 2*u**2 - 24*u - 9. Calculate a(12).
-9
Let i(g) = -g**2 + 44*g + 295. What is i(49)?
50
Let q(u) = -u**3 - 12*u**2 + 58*u - 80. Give q(-16).
16
Let z(o) = 1464*o + 2934. Calculate z(-2).
6
Let t(h) = h**2 + 171*h + 6433. What is t(-116)?
53
Let t(b) = 26*b + 1549. Calculate t(-70).
-271
Let m(u) = -382*u + 5326. Calculate m(14).
-22
Let u(m) = -m**2 + 63*m - 753. Calculate u(47).
-1
Let r(v) = -21*v + 311. Give r(17).
-46
Let g(r) = 3*r**2 + 5*r - 23. Calculate g(6).
115
Let v(l) = -254*l - 2025. What is v(-8)?
7
Let y(n) = 2*n**2 - 91*n + 466. Determine y(41).
97
Let w(q) = 63*q - 1433. Determine w(22).
-47
Let c(g) = 79*g**2 + 16*g + 1. Determine c(-1).
64
Let j(b) = 502*b - 16573. Calculate j(33).
-7
Let a(s) = s**3 - 19*s**2 - 1058*s + 20101. Determine a(19).
-1
Let h(m) = 2*m**2 - 8*m - 66. Calculate h(8).
-2
Let m(o) = -o**3 - 9*o*